= 31 + 1. Suppose -3*q - a = -7*q + 4*p, 3*q = 2*p + 29. Suppose -18*g - q = -175. What is the highest common divisor of g and 72?
9
Let t be 12*1 - (-2 - -5). Let i(g) = g**2 - 4*g + 9. Let n be i(t). Let q = -11 + 17. Calculate the highest common factor of q and n.
6
Let n be (-6)/(-15) - 188/20. Let y be (-6)/n + (-1852)/(-12). Let w = y - 95. Calculate the greatest common factor of w and 30.
30
Let y = 20 - 21. Let z(r) = -159*r**3 + 3*r**2 - 7*r - 9. Let o be z(y). Calculate the highest common divisor of o and 96.
32
Let u = -19906 - -20241. Calculate the greatest common factor of u and 8241.
67
Let a = 54 + -50. Suppose -4*j = -h + a + 5, -j - 1 = 0. What is the highest common divisor of 160 and h?
5
Suppose -3*m + 10 = -m. Let j = 10379 - 10377. What is the highest common divisor of j and m?
1
Suppose -175*c + 191623 = -154877. Calculate the highest common factor of 168 and c.
12
Suppose 0 = -3*i + d + 1597, 0 = -5*i + d - 0*d + 2661. What is the greatest common factor of i and 28?
28
Let u be 8 + 210/(-25) - 2/(50/(-370585)). Calculate the greatest common divisor of 81 and u.
81
Let h be -17 + (7 - 6/2). Let i = h - -15. Calculate the highest common factor of 64 and i.
2
Suppose w - 147 = -3*i, 4*w = -5*i + 9*i - 180. Suppose 2*j + 5574 = 5*j. Suppose -5*u = -62 - j. What is the greatest common factor of i and u?
48
Let o be (-5)/((-10)/296) + 19 + -23. What is the highest common divisor of o and 228?
12
Suppose -29998 = 22*j - 115666. What is the greatest common divisor of 198 and j?
66
Let y = 3743 - 3742. Suppose 5*s = t + 22, 0 = 4*s + 5*t + 8 - 43. Suppose 3*u + 12 = 3*f - u, -s*u = 2*f - 8. Calculate the highest common factor of y and f.
1
Let w be (-1390)/(-50) + 102/85. Calculate the highest common divisor of 5 and w.
1
Suppose 6*k + 20 = 2. Let n be 2 - (-3 + k - -3). Suppose 152 = n*y - 38. What is the highest common divisor of 266 and y?
38
Suppose 0 = -29*j + 8*j + 336. Let z be 328/j - (-33)/(-22). Let r = -5 + 24. Calculate the highest common divisor of z and r.
19
Suppose -13*g - 2368 = -4*v - 9*g, 0 = -v - 5*g + 592. Calculate the highest common factor of v and 16.
16
Suppose 0 = 5*o + u + 2, -3*o + 2*u = -1 - 3. Suppose 3*j - 600 + 336 = o. Calculate the greatest common divisor of j and 22.
22
Suppose 3*y = -j + 240, 2*y = 117 - 107. Calculate the greatest common divisor of 405 and j.
45
Let v = 88 + 10. Let x(s) = -s**2 - 11*s + 14. Suppose -158 + 26 = 12*z. Let f be x(z). What is the highest common divisor of f and v?
14
Let l be 3/1 - (3 - 1 - 3). Suppose -5*r = w - 1019, -l*r = -5*w + 7*w - 814. Calculate the greatest common divisor of 136 and r.
68
Suppose -2*x + 715 = 5*j, -j = 4*x - 133 - 10. Let y = -64 - -117. Let s = j - y. Calculate the highest common divisor of s and 10.
10
Suppose -c + 34 = b, b = -3*c - c + 49. Suppose b*q - 480 = 5*q. Calculate the greatest common factor of q and 230.
10
Let s = 20 + -20. Suppose -4*i + 8 = 4*z, -z + 0*z - 4*i + 2 = s. Suppose -7*p + 10*p + 7 = f, 4*p = -5*f + 16. What is the highest common factor of f and z?
2
Let x(v) = -v**3 - 5*v**2 - 4*v + 4. Let p be x(-5). Let i(m) = 291*m + 15552. Let b be i(-52). What is the highest common factor of b and p?
12
Suppose -3*w - x = -7*w + 45, -4*x = 20. Suppose j = w*j. Suppose p - 72 + 47 = j. Calculate the greatest common divisor of p and 10.
5
Suppose -220 = -2*k - 9*k. Suppose -57 - 567 = -4*x. Let t = x + -56. Calculate the highest common factor of t and k.
20
Suppose 0*b - 8 = -4*b. Let l(c) = 53*c - 232. Let w be l(14). Let k be b/(8/w) - (-2)/4. Calculate the greatest common divisor of 32 and k.
32
Suppose -1023 = -5*x + 3*r, -2*x = 2*r - 1728 + 1322. Calculate the highest common factor of 12036 and x.
204
Let v = -211 + 211. Suppose 4*z + 20 = v, -2*z = 4*j - 4*z - 82. Calculate the greatest common divisor of 2 and j.
2
Suppose 1580*m - 1587*m = -1008. What is the greatest common divisor of 48 and m?
48
Let p be 1*2 - (-1 - 2). Suppose -p*n = -n - 392. Let u be 4452/n - (-1 + (-20)/(-14)). What is the greatest common divisor of 5 and u?
5
Let i = 136 + -128. Let m be 22 + -26 + 38*2. Calculate the greatest common factor of i and m.
8
Let n be 2060/(-15)*12/(-16). What is the highest common factor of n and 2781?
103
Suppose -7*c - 4*y + 34 = -5*c, 5*c = 3*y + 85. Suppose -2*q - 5*s + 6*s = -64, 4*q = 3*s + 124. What is the highest common divisor of q and c?
17
Let a = -83 - -147. Let x(y) = 50*y**3 - 2*y**2. Let u be x(1). Calculate the highest common factor of a and u.
16
Suppose -1045 = -4*n + 1835. Suppose -28*b + 10*b + n = 0. What is the greatest common divisor of b and 320?
40
Let b = -98 - -112. Let c(r) = 3*r**2 - 34*r - 402. Let d be c(-10). Calculate the greatest common factor of d and b.
14
Let q = -50 - -106. Let g be -2*1/(-1)*q. Let a = 516678 - 516664. Calculate the highest common factor of g and a.
14
Let z = -622 - -633. Suppose 4716 - 19 = z*u. What is the highest common factor of 183 and u?
61
Suppose -28*y + 15 = -23*y, -2*t = -3*y + 39. Let n be 18/t*(-6)/(-4)*-10. Calculate the highest common divisor of n and 243.
9
Let s be 125/(-375)*0*(-1 + 0). Suppose s = 56*f - 48*f - 160. Let p(b) = 9*b**2 + 4*b + 2. Let l be p(-2). Calculate the highest common divisor of l and f.
10
Let v(x) = -71*x - 42. Let d be v(-2). Let c(g) = -g**2 + 13*g + 13. Let n be c(12). What is the greatest common factor of n and d?
25
Let x be (-35)/(-2) - (-1)/(-2). Let b(r) = 1087*r - 52124. Let o be b(49). Calculate the highest common divisor of x and o.
17
Let v be ((-70)/4 + 18)*4*34. What is the greatest common divisor of 22338 and v?
34
Let g(v) = 2*v**2 - 6*v - 10. Suppose -3*z + 5*z + 4*c - 14 = 0, -5*c = 2*z - 14. Let u be g(z). Calculate the highest common divisor of u and 4.
2
Let q(a) be the second derivative of a**5/20 + 3*a**4/4 - 7*a**3/3 - 8*a**2 + 3*a + 1. Let i be q(-10). What is the highest common divisor of i and 6?
6
Suppose -375*l + 2316 = -2559. What is the highest common factor of 7 and l?
1
Let o(s) = s**2 - 19*s - 7. Let l be o(20). Let h = -620 + 828. Calculate the highest common factor of h and l.
13
Let s = 53478 - 53457. Let y = 6 + -4. Let v be y + -1 + 0 + 272. Calculate the highest common factor of s and v.
21
Let l be ((-4578)/952 + (-1)/(-17))*72/(-3). Calculate the greatest common factor of 5073 and l.
57
Let q be ((-1)/(5/(-2388)))/(80/1200). What is the greatest common factor of 108 and q?
36
Suppose 4*z - 44 = 5*o, 2*z = 5*o + 29 - 7. Suppose 2*f + z = i, -f = 4*f - i + 29. Let j = 22 + f. What is the highest common divisor of 24 and j?
8
Let f = 8557 - 6714. Calculate the highest common divisor of 57 and f.
19
Let k(w) = w**3 + 36*w**2 - 73*w + 2. Let x be k(2). Calculate the highest common divisor of 5528 and x.
8
Suppose -a + 2 - 5 = 0, -i - 39 = 5*a. Let o = i - -36. Let l(b) = b**2 - 26*b - 84. Let r be l(-3). Calculate the highest common factor of o and r.
3
Let i be (20/8)/(1/2). Suppose -1155 = -i*d - 2*o, 11*d = 13*d + 5*o - 462. Calculate the highest common factor of d and 21.
21
Suppose -2*w - 4 = 0, 4*l + 3*w = 2*w + 22. Let y be 77/4*(-7)/7*4. Let d = -74 - y. What is the highest common factor of l and d?
3
Let k(z) = -186*z + 159. Let c(n) = -46*n + 39. Let d(l) = -26*c(l) + 6*k(l). Let b be d(12). What is the highest common factor of b and 200?
100
Let d = -127 + 139. Let f(u) = 24*u - 60. Let m be f(d). Calculate the greatest common factor of 12 and m.
12
Suppose 1787 - 707 = 12*k. Suppose 0 = 5*j - 47 - 378. Let r = k - j. Calculate the greatest common divisor of 10 and r.
5
Let l = -353 + 623. Let f(i) = 35*i**3 + 3*i**2 + 2*i - 4. Let j be f(1). What is the highest common factor of l and j?
18
Suppose -3*h = 3*m - 360, -5*h = -5*m + 349 + 311. Calculate the greatest common factor of m and 924.
42
Let i be (5 + 60/8)*(21 + 1). Let k = i + -271. Calculate the highest common divisor of k and 28.
4
Let x = 79 + -34. Suppose 4204 = 4*c - 2*f, -1008 = -2*c - 4*f + 1084. Suppose -12*k - 2*k = -c. What is the greatest common factor of k and x?
15
Let l = 4756 - 3946. Calculate the highest common factor of l and 70.
10
Suppose r - 11 = f - 3*f, r = 2*f - 13. Let v be -14*(-4)/28 - -76. What is the greatest common factor of f and v?
6
Let s(i) = -i**3 + 7*i**2 + 4*i - 8. Let t 